452 = -5*y + w. Let z = -48 + y. What is the units digit of z?
2
Let j be 32/10 - 2/10. Suppose j*z - 5*z = 0. Suppose z = h - 9 - 10. What is the units digit of h?
9
What is the units digit of (39/2)/((-16)/(-96))?
7
Suppose -3*c + 6655 = 4*n - 8*c, -3*n = 3*c - 4971. What is the tens digit of n?
6
What is the units digit of ((-577)/6)/(51/(-612))?
4
Let a(j) = -2*j**2 + 5*j**2 - 2*j**2 + 0*j**2 - 1 - 3*j**3 + j. What is the units digit of a(-2)?
5
Suppose -6*r + 5*r - 8 = 0. Let t be (57/6)/(4/r). Let s = t - -32. What is the units digit of s?
3
Suppose 0*h - 3*h = 0. Suppose -4*t + 131 - 7 = h. Suppose 2*i = 5*q + t, 19 + 10 = 3*i - 4*q. What is the units digit of i?
3
Suppose 9*i + 1239 = 15342. What is the thousands digit of i?
1
Let t(u) = 0*u + u - 140 + 47 + 0*u. Let w be t(0). Let o = w - -144. What is the tens digit of o?
5
Suppose 39006 - 9282 = 12*f. What is the tens digit of f?
7
Let h = 66 + -39. Let p be (-263)/9 - (-6)/h. What is the units digit of (-9)/18*(p + -1)?
5
Let x(j) = 19*j - 85. What is the tens digit of x(8)?
6
Suppose -2*x = 1 + 1. Let l = x + 9. What is the units digit of l?
8
Let n = -13 + 17. Suppose w = -2*c + 7, -4 = -n*c + w + 1. Let d(b) = 5*b**3 - b**2 - 2*b - 1. What is the units digit of d(c)?
1
Suppose -p = l - 2570 + 527, 0 = -5*l + 2*p + 10236. What is the units digit of l?
6
Suppose 0 = 11*i - 13*i + 5*b + 3986, -4*i + b = -7990. What is the hundreds digit of i?
9
Let x = -26 + 33. Suppose -x*r = 3*r - 1700. What is the units digit of r?
0
Let w = 23 + -24. What is the tens digit of 114 - w/2*2?
1
Let x(q) = 2*q**3 - 10*q**2 + 16*q - 2. What is the tens digit of x(8)?
1
Suppose 14 = 3*r + 4*a - 2, 3*a = -3*r + 18. Suppose -r*f + 146 = -286. What is the tens digit of f?
5
Let o = 15 + -12. Suppose -y = -o*y + 20. Suppose h = 3*t - y, -2*t - 4 = 3*h - h. What is the units digit of t?
2
Let d(p) = -527*p - 946. What is the thousands digit of d(-6)?
2
Let w(u) = -u**2 - 20*u - 17. What is the tens digit of w(-8)?
7
Suppose 3*b + 0*k + 4*k + 79 = 0, 25 = -b - k. Let w = b - -48. What is the tens digit of w?
2
Let n = -13 + 29. Let l = n + -13. Suppose -5*q = -l*f + 6, 6 = 3*f - 0*q + 2*q. What is the units digit of f?
2
Let o(w) = w**3 + 5*w**2 - 2*w - 3. Let l = 35 - 40. Let h be o(l). Let y(n) = 3*n - 6. What is the units digit of y(h)?
5
Suppose 2*k + 2*g = 562, -4*k + 3*g = g - 1124. What is the tens digit of k?
8
Let g(c) = -c**2 + 8*c - 11. Let t be g(6). Suppose 4*m + t - 9 = 0. What is the units digit of (-11 + 5)*m/(-4)?
3
Let y be (-4 - -13)/((-4)/12). Let u be (8 + 0)/(-2) + y. Let o = 51 + u. What is the tens digit of o?
2
Suppose 2*k + 1 - 5 = 4*f, -6 = f - 3*k. Suppose f = 5*m - 8 - 232. What is the tens digit of m?
4
Let h be 1/1*((3 - 4) + 40). Suppose -40*c + h*c = -182. What is the hundreds digit of c?
1
Let a(o) = -2*o**3 - 2*o**2 + 1. Let h(l) = -4*l - 28. Let t be h(-6). What is the tens digit of a(t)?
9
Suppose 5*m + 6 = -9, -4*g - 2*m = 4002. What is the units digit of g/(-15) - 4/(-10)?
7
Let j be 4/(-14) + 1214/(-14). Let g = j - -198. What is the units digit of g?
1
Suppose 148 = 10*l - 14*l. Let u = 98 + l. What is the units digit of u?
1
Let n = 183 + -121. Suppose n = 5*u + 2*h - 3, -3*u = 3*h - 48. What is the tens digit of u?
1
Let g be (-104)/10 - (-18)/45. Let t = -14 - g. What is the tens digit of -19*(-2 - (t - -3))?
1
Suppose w - 13 = a, 2*a - 6*w + 17 = -7*w. What is the tens digit of 4/a - ((-25326)/35)/9?
8
Let t(k) = k - 1. Let c(m) = m**3 + 5*m**2 + 2*m + 3. Let b(h) = c(h) + 2*t(h). Suppose 4*v + 7 + 15 = -2*r, -4*v - 17 = r. What is the units digit of b(v)?
7
Suppose -24*x - 16 = -26*x. Let f(q) = 29*q + 7. What is the units digit of f(x)?
9
Suppose 4*h - 4730 = 2*p, 3*p - 3552 = -3*h - 0*p. What is the units digit of h?
3
Let k(v) = v**3 + 5*v**2 - 11*v - 3. Let s(t) = -t**3 - 2*t**2 + 5*t + 2. Let x be s(-3). What is the tens digit of k(x)?
5
What is the tens digit of 174/29 - (-728 + 2)/2?
6
Suppose 15 = 3*f, -u + 5*f = -2*u + 35. Let w = -47 - u. What is the units digit of 3*w/(-9) + -3?
6
Suppose -24 = 2*k - 6*k. Suppose 2*i = -8, 3*i + 12 = -k*w + 2*w. Suppose 5*s = -w*s + 100. What is the tens digit of s?
2
Suppose -2*m = -3*j - 298, -m - 4*j - 20 = -147. Suppose 524 = 4*s + 2*g, s + 2*g - m + 15 = 0. What is the tens digit of s?
3
Suppose -3*t + 3620 = -3*x - 307, 4*t = -2*x + 5242. What is the units digit of (-1)/(t/328 + -4)?
4
Let b = 6055 - 1824. What is the units digit of b?
1
Let d(s) = 4*s**3 + 12*s**2 + 26*s + 7. What is the hundreds digit of d(5)?
9
Let k be (-6)/(-8) - 396/(-48). Let d(x) = 2*x + k*x + 0 - 13 - 5*x. What is the units digit of d(10)?
7
Let v(n) = n**2 - n + 227. Let m be v(0). Let y = m + 179. What is the tens digit of y/21*(-3)/(-2)?
2
Let p(u) be the second derivative of 1/2*u**4 + 1/6*u**3 + 1/20*u**5 + 2*u**2 + 0 + 3*u. What is the units digit of p(-4)?
2
Let c = 413 - 13. What is the units digit of c?
0
Suppose 4*z = -3*n + 2820, -953 = -n + 11*z - 8*z. What is the hundreds digit of n?
9
Let j be (-2)/9 - (-15645)/(-189). What is the units digit of -1*(j + 1) + 4?
6
Suppose -3 = -5*s + 2. Let n(k) = 16*k**3 + 4*k**2 - 5*k**2 + 3*k**3. What is the tens digit of n(s)?
1
Let f be (1 - 6/(-12))/((-2)/8). Let r(u) = u**2 - 18. What is the tens digit of r(f)?
1
Suppose 18 = -q - 1. Let l = q + 18. Let x = 6 - l. What is the units digit of x?
7
Suppose -11208 = -65*j + 57*j. What is the hundreds digit of j?
4
Let c = -22 - -37. Suppose 0 = -3*i - c, -165 = 5*q + 3*i. Let d = 52 + q. What is the units digit of d?
2
What is the tens digit of (-1)/(((-9)/2823)/3)?
4
Let o(r) = -3*r**3 - 14*r - 5. What is the hundreds digit of o(-6)?
7
Suppose -l + 16857 = 3*f, 0 = 2*f + 3*l - 1925 - 9320. What is the tens digit of f?
1
Suppose 21*o - 19*o = 1112. What is the hundreds digit of o?
5
Let k be ((-11)/(-1))/(5/(-15)). Let g = k - -111. What is the tens digit of g?
7
Let w = 3278 + -1054. What is the thousands digit of w?
2
Let o(q) = q**2 - 6*q. Let t be o(6). Suppose -4*j + t*b = -2*b - 136, -2*j - 3*b + 76 = 0. What is the units digit of j?
5
Suppose 4*u + 1312 = 2*r - 0*u, 0 = -u. Suppose 0 = -3*n - 119 + r. What is the tens digit of n?
7
Suppose 3*t - 7974 = -3*d, 5*t - 10*t = 4*d - 13286. What is the hundreds digit of t?
6
What is the hundreds digit of 36/63 - (-23896)/28?
8
Let d(n) = 2*n**3 + 2*n**2 - n + 4. Let v(c) = 3*c + c**3 + 12*c**2 - 13*c**2 - 7 + 7*c**2. Let q be v(-5). What is the units digit of d(q)?
3
Let d be (-6)/(-4) + (-12)/8. Suppose 700 = 5*l - d*l. Suppose 2*r - r = -5*m + 159, 0 = 4*m + 4*r - l. What is the tens digit of m?
3
Let n(u) = 2*u**2 - 24*u + 98. What is the hundreds digit of n(15)?
1
Let t = 60 - 48. What is the tens digit of t/8*(-136)/(-3)?
6
Suppose -2*q + 3*q - v - 126 = 0, 3*q - v = 372. Suppose -q = 8*x - 11*x. What is the units digit of x?
1
Let c(p) be the first derivative of -p**4/4 + 16*p**3/3 + 12*p**2 - 6. What is the hundreds digit of c(17)?
1
Let p(t) = -1. Let o(x) = x + 11. Let a(g) = o(g) + 2*p(g). Let r be a(-5). Suppose -r*i + 14 = -6. What is the units digit of i?
5
Suppose 7*h - 249 = 17. Let i = 218 - h. What is the hundreds digit of i?
1
Suppose -5148 = -6*h + 13764. What is the units digit of h?
2
Suppose 0 = -5*o + 4*i - 12, -2*o - i + 0 = -3. Suppose o*m = m + g - 99, 5*m = -g + 499. What is the tens digit of m?
0
Let l(a) = a**3 + a**2 + 288. Let v be l(0). Let s = v + -164. What is the tens digit of s?
2
Let u(w) = 41*w**2 - 17*w + 10*w**2 + 16*w. What is the units digit of u(-1)?
2
Suppose 0 = 5*p + x - 1864, -3*p + 0*x + 1104 = -3*x. What is the tens digit of p?
7
Let l = 22 - 20. Let m(u) = 2*u**3 + u**2 + 2*u. What is the units digit of m(l)?
4
Let y(u) = -2*u + 144. What is the hundreds digit of y(-17)?
1
Let j be 846/42 + 1/(-7). What is the units digit of 48 + 2 - 5*8/j?
8
Let l = -2 + 2. What is the units digit of (2 + l)*(14 + 1)?
0
Let j be (18/10)/((-2)/(-10)). Suppose -4*s - 4 = -j*s - 4*y, 0 = -2*y - 8. Suppose 1 = l - s. What is the units digit of l?
5
Let f be 96/28 + 3/(-7). Suppose 0 = -2*k - f*k + 120. What is the units digit of k?
4
Suppose -38*z - 43778 = -52*z. What is the thousands digit of z?
3
Suppose -3*i = -i - 10. Let n(x) = -2 + 0*x - 4*x**2 +